ber?
True
Is 18381943 prime?
True
Is 12338272519 a composite number?
False
Is 111900911 prime?
False
Is 4447773809 prime?
True
Is 21238318653 prime?
False
Is 6469646201 composite?
False
Is 36414614137 a composite number?
True
Is 128861407 prime?
False
Is 1528356502 prime?
False
Is 106927131919 a prime number?
True
Is 38223015371 a composite number?
False
Is 781142179 prime?
True
Is 5909482231 composite?
False
Is 3377665219 prime?
True
Is 15268820023 a composite number?
False
Is 3515583703 prime?
True
Is 997397657 a composite number?
False
Is 4321888061 a prime number?
False
Is 2840812259 a composite number?
True
Is 393164818 prime?
False
Is 226611236029 a prime number?
True
Is 28474159733 composite?
True
Is 28806732089 a prime number?
True
Is 600346057 prime?
True
Is 74947442209 a composite number?
True
Is 5846929555 composite?
True
Is 80872672201 composite?
False
Is 85062581 composite?
False
Is 6232781369 a prime number?
False
Is 325184056495 a prime number?
False
Is 1962745685 prime?
False
Is 29714479493 a composite number?
True
Is 17512573609 a composite number?
False
Is 6022807985 prime?
False
Is 363055013 a prime number?
True
Is 9719310163 composite?
False
Is 111848313 a prime number?
False
Is 907717607 prime?
True
Is 431392873 prime?
True
Is 3668815571 a prime number?
False
Is 212094903859 prime?
True
Is 4976894203 a prime number?
True
Is 26728477669 a composite number?
False
Is 504020639 prime?
True
Is 601143973 a composite number?
False
Is 307400887 prime?
True
Is 7772613467 a composite number?
True
Is 1896513961 a prime number?
False
Is 418940623 composite?
False
Is 24755884259 a composite number?
False
Is 1274844853 prime?
False
Is 402645863 prime?
False
Is 18610824787 a prime number?
False
Is 5057822681 prime?
False
Is 13004647169 composite?
True
Is 1107776477 composite?
False
Is 3714045127 prime?
False
Is 1259863447 a composite number?
False
Is 81882797 prime?
True
Is 25105932913 a prime number?
False
Is 5064152531 a composite number?
False
Is 49554099731 composite?
True
Is 1414795201 a composite number?
False
Is 1950675307 a prime number?
False
Is 32303995253 composite?
True
Is 7968142943 a composite number?
True
Is 12977283934 prime?
False
Is 101455510127 a prime number?
True
Is 285230069 a prime number?
True
Is 1944996531 a composite number?
True
Is 12642834355 composite?
True
Is 20525552273 composite?
True
Is 26203390459 a composite number?
False
Is 1187885453 a composite number?
True
Is 39434499317 a prime number?
True
Is 628326299 prime?
True
Is 797290129 a composite number?
False
Is 1919095037 composite?
False
Is 699703829 a prime number?
False
Is 2357906951 a prime number?
False
Is 59130223127 prime?
True
Is 70209801341 a prime number?
True
Is 2130944051 prime?
True
Is 2119476409 a composite number?
False
Is 2002324589 a composite number?
True
Is 3647984519 a prime number?
False
Is 281493664963 prime?
False
Is 43146112701 a prime number?
False
Is 106748673043 a composite number?
True
Is 7768469089 a composite number?
False
Is 2358641639 composite?
False
Is 936887479 a composite number?
True
Is 1210443061 composite?
True
Is 25677679787 prime?
True
Is 291512681 a prime number?
True
Is 106839090901 a prime number?
True
Is 6141218711 a prime number?
True
Is 1940601407 composite?
True
Is 5179031713 composite?
False
Is 23349919003 prime?
True
Is 1216714699 a composite number?
True
Is 4140732493 prime?
False
Is 96378197 a composite number?
True
Is 10819458227 composite?
True
Is 6660770089 a composite number?
False
Is 531031279 a prime number?
True
Is 6651163037 a prime number?
True
Is 3416126773 prime?
False
Is 3360351598 a composite number?
True
Is 25191119773 a prime number?
True
Is 2069672911 a composite number?
True
Is 126190273331 composite?
False
Is 320799615749 a composite number?
False
Is 4020872357 composite?
True
Is 219036932027 a composite number?
False
Is 202604259137 a composite number?
True
Is 580956671 prime?
True
Is 2007659671 prime?
True
Is 88424459 composite?
True
Is 164011423489 composite?
False
Is 141371 a composite number?
False
Is 403595041 a prime number?
False
Is 59755588877 a composite number?
False
Is 2085569513 a composite number?
True
Is 17425907441 prime?
False
Is 3498576439 composite?
False
Is 5750867461 a prime number?
True
Is 1901867021 a composite number?
False
Is 27977115547 a composite number?
True
Is 1391354309 prime?
False
Is 1910366569 a composite number?
False
Is 731787047 composite?
True
Is 134159250805 a composite number?
True
Is 922091529 a composite number?
True
Is 1371485573 prime?
False
Is 4974777797 composite?
True
Is 22642061647 a composite number?
True
Is 9373058083 a composite number?
True
Is 29978591131 a composite number?
True
Is 35858651723 a composite number?
True
Is 4849574321 a composite number?
False
Is 335450483 a prime number?
True
Is 834164767 a composite number?
False
Is 88119840761 prime?
False
Is 12462842711 composite?
True
Is 6155805503 a prime number?
False
Is 4249571 prime?
True
Is 202430203 prime?
False
Is 191462191 composite?
True
Is 23530124593 a prime number?
True
Is 34706453419 a composite number?
True
Is 229995449 a composite number?
True
Is 758494067 composite?
False
Is 180980038 prime?
False
Is 34448230538 a composite number?
True
Is 41146909327 a prime number?
False
Is 812958451 a prime number?
True
Is 191288726521 prime?
False
Is 998770363 a composite number?
False
Is 472049 a prime number?
False
Is 1797938143 prime?
False
Is 144302681059 a composite number?
False
Is 46395275143 a composite number?
True
Is 9170959001 prime?
True
Is 60243738547 a prime number?
True
Is 886922258 composite?
True
Is 4329333013 composite?
True
Is 4394123417 a composite number?
True
Is 7537341673 composite?
True
Is 954419051 a composite number?
False
Is 144607991 a composite number?
True
Is 327772891 composite?
True
Is 197518177 composite?
False
Is 52858533965 composite?
True
Is 15799497227 a prime number?
False
Is 1626618031 a prime number?
False
Is 110258805073 a composite number?
False
Is 193062029 composite?
False
Is 4028243369 prime?
True
Is 141073487479 composite?
False
Is 25113184813 composite?
True
Is 5887038323 a prime number?
True
Is 41781367 composite?
False
Is 24831554933 a prime number?
True
Is 4007578763 prime?
True
Is 9958451497 prime?
True
Is 3283493443 prime?
False
Is 65570891 a prime number?
True
Is 1405997842 a prime number?
False
Is 93135113 composite?
True
Is 43709189869 a composite number?
True
Is 41472438967 composite?
False
Is 31285370882 a composite number?
True
Is 34064392017 a composite number?
True
Is 10837502371 prime?
True
Is 12993462541 prime?
False
Is 516387127 prime?
False
Is 72913397 a prime number?
False
Is 224829203 a composite number?
True
Is 629242391 a prime number?
True
Is 29480904421 a composite number?
True
Is 3577078007 a prime number?
False
Is 5532418543 composite?
False
Is 8946205837 composite?
False
Is 1463488607 prime?
False
Is 1519304483 composite?
False
Is 600956571 composite?
True
Is 429444263 composite?
True
Is 78102517607 prime?
True
Is 34531980137 composite?
True
Is 31185922811 a prime number?
False
Is 59645259209 composite?
False
Is 3609502997 a prime number?
False
Is 32491292987 a composite number?
False
Is 578123349 composite?
True
Is 82984247 a prime number?
False
Is 335114791 composite?
True
Is 65863489 a composite number?
True
Is 19312977349 composite?
False
Is 70098139 prime?
False
Is 1562139689 prime?
False
Is 448743727 a composite number?
True
Is 1945963507 composite?
True
Is 627801943 a prime number?
True
Is 363781753 a composite number?
True
Is 7743759 a prime number?
False
Is 77305100053 composite?
False
Is 36748848511 a composite number?
True
Is 76181639 composite?
False
Is 1607569939 a composite number?
False
Is 45724262719 composite?
False
Is 21805847737 a composite number?
True
Is 2080665973 composite?
False
Is 7332583273 composite?
True
Is 93049709107 a prime number?
False
Is 14550463607 a composite number?
False
Is 319154117 prime?
True
Is 6477911849 a composite number?
False
Is 11020739339 a prime number?
True
Is 1714233109 a composite number?
True
Is 1438744583 a prime number?
False
Is 94308295777 a composite number?
True
Is 2399816723 a composite number?
False
Is 22682766233 a prime number?
False
Is 22